remainder when 30 is divided by z?
14
Calculate the remainder when 85 is divided by (-3 + 4)*(26 + 3).
27
What is the remainder when 38 - ((-6)/(-3) - 0) is divided by 13?
10
Let c = -8 - -5. Let t(l) = 0 - 10*l - 5 - 7 + 14. What is the remainder when t(c) is divided by 17?
15
Let n = 13 - -12. Suppose -4*c + n = c. Suppose -3*d = -2*d - c. What is the remainder when 14 is divided by d?
4
What is the remainder when 65 is divided by ((-14)/4 + 4)*34?
14
What is the remainder when 3/2*2/(-3)*-89 is divided by 45?
44
Suppose -9 - 4 = -o. Let g(l) = -3*l**2 + 14*l + 10. What is the remainder when o is divided by g(5)?
3
Let i = -32 - -115. What is the remainder when i is divided by 21?
20
Let u(f) = -f**3 - 7*f**2 - f + 4. Calculate the remainder when (-16)/(-1 - 0) + 4 is divided by u(-7).
9
Let n = 5 + -1. Suppose -n*v + 19 = 47. Let t = v - -20. Calculate the remainder when t is divided by 7.
6
Suppose 4*m + 4*b - 57 = 3*b, 0 = 5*m - 3*b - 50. Calculate the remainder when 25 is divided by m.
12
Let j(l) = -3 - 4*l - 7*l**2 + 6*l**2 + 3*l**2. What is the remainder when j(7) is divided by 17?
16
Suppose 2*s + 2*z - 174 = 0, -2*z + 6*z = 20. Let r = s + -39. What is the remainder when r is divided by 15?
13
Let r = -20 + 54. Calculate the remainder when 133 is divided by r.
31
Let s = 6 - 2. Suppose -3*p + 22 = 2*j, -3*p = -2*p - 2*j + 6. Suppose x + p*m = -m + 35, 4*m - 20 = 0. Calculate the remainder when x is divided by s.
2
Suppose 9*q = 4*q + 50. Suppose l - 2*l = -q. Let x = l - 6. Calculate the remainder when 11 is divided by x.
3
Let y = -44 + 50. What is the remainder when 10 is divided by y?
4
Let m(c) = 2*c**2 - c - 1. Let l = 6 - -11. What is the remainder when l is divided by m(-2)?
8
Let v be 2/6 + 1294/6. Suppose -c - c + v = 0. Let n = c - 70. Calculate the remainder when n is divided by 13.
12
Let b = 2 + -5. Calculate the remainder when 10 is divided by (5 + b)/2 - -5.
4
Let d(n) = -4*n**2 + 2*n + 1. Let x(y) = 3*y**2 - 2*y - 2. Let p(l) = 2*d(l) + 3*x(l). What is the remainder when 42 is divided by p(5)?
9
Suppose -4*f + 12 = 4*x, 2*x = x + 3*f + 3. Suppose -25 = -d + 4*j, 2*d + 2*j - 24 = -x*j. Let b = 47 + -41. What is the remainder when d is divided by b?
5
Let m(x) = x**3 + 4*x**2 - 3*x - 4. Calculate the remainder when 11 is divided by m(-4).
3
Let r be (3/3 - 0)*1. Suppose -3*c + 2*w + 6 = c, -4*w - 7 = -3*c. What is the remainder when c is divided by r - 1 - (-1)/1?
0
Let o(b) = -6*b - 5. Calculate the remainder when 60 is divided by o(-4).
3
Let y = 27 + 23. Let j = 29 - 12. What is the remainder when y is divided by j?
16
Suppose 6*r - 39 = 5*r + 4*h, 0 = 3*r - 2*h - 67. Let b = 187 + -112. Calculate the remainder when b is divided by r.
18
Let d(m) = -m + 7. Let f be d(6). Suppose -3*p + 2 = -f. Let q = 17 - p. Calculate the remainder when q is divided by 9.
7
Let m(v) = v**3 + 5*v**2 - 1. Let h be m(-5). Suppose 2*f = 3*b - 5*b - 12, 3*f = -2*b - 15. What is the remainder when (h - 9/b) + 20 is divided by 12?
10
Let a = 108 + -73. Suppose 5*t + 25 - 120 = 0. What is the remainder when a is divided by t?
16
Suppose 0 = -4*z + 19 + 61. Let d = z + -5. Suppose -4*t - 3 - 1 = 0, -t - d = -p. What is the remainder when 26 is divided by p?
12
Suppose 15 = -2*u + 3*u. Suppose 7 + 111 = 2*d. What is the remainder when d is divided by u?
14
Let q(z) = 6*z - 40. What is the remainder when q(13) is divided by 15?
8
Let y = 5 + 1. Let q = y + -17. Let j = q + 18. Calculate the remainder when j is divided by 4.
3
Suppose 0*m - 66 = -4*m - 2*d, 13 = m + 4*d. Let q = 36 - m. What is the remainder when q is divided by 11?
8
Let h(q) = 3*q**2 - 15*q - 1. Let i(g) = -g**2 + 7*g + 1. Let a(j) = 2*h(j) + 5*i(j). What is the remainder when a(4) is divided by 10?
9
Suppose 0 = -2*o + 25 - 11. Let g(c) = 3*c**2 - 15*c - 10. Calculate the remainder when g(o) is divided by 7.
4
Let i(a) = 2*a**2 + a - 1. What is the remainder when 20 is divided by i(2)?
2
Calculate the remainder when 110 is divided by (1/((-20)/(-168)))/((-3)/(-20)).
54
Calculate the remainder when 33 is divided by 19/4*2*(-7 - -9).
14
Suppose s + 6 = 5*s - 2*z, 0 = 5*z - 15. Let h(l) = 2*l + 6. What is the remainder when h(s) is divided by 7?
5
Let k = -182 + 109. Let i = k + 105. Let r(p) = 18*p - 1. What is the remainder when i is divided by r(1)?
15
Let f = 314 + -173. Calculate the remainder when f is divided by 36.
33
Let h(y) = y + 5. Let k be h(-3). Suppose -5*x = -k*x + o - 7, 8 = 2*o. What is the remainder when ((-10)/6 + 1)/((-81)/243) is divided by x?
0
Let h = -624 + 636. Suppose -5*b + 0*b = -110. Calculate the remainder when b is divided by h.
10
Let f = 25 + 4. Calculate the remainder when f is divided by 60/2*(-3)/(-6).
14
Let g(c) = c**3 + 21*c**2 - 3*c + 25. What is the remainder when g(-21) is divided by 23?
19
Suppose 4*v + 80 = -v. What is the remainder when 87 is divided by v/(-24) + 88/3?
27
Suppose -23*y + 78 = -20*y. Calculate the remainder when y is divided by 8.
2
Let t = -21 + 1. What is the remainder when 4 is divided by (-1)/2 - t/8?
0
What is the remainder when 22 is divided by 4/10 + (-112)/(-20)?
4
Suppose 7*x = 3*x - 60. Let t = x - -28. Calculate the remainder when t is divided by 1/2*5*2.
3
Let p(y) = 87*y + 3. Let i be p(3). Suppose -3*f + i = 4*o + 47, 0 = -3*o + 2*f + 150. What is the remainder when o is divided by 14?
10
What is the remainder when (0 - 1)/(2*(-5)/350) is divided by 19?
16
Suppose -2*p + 10 = 0, -2*t + 4*p - 2*p = 6. Suppose 9*x = 2*h + 4*x - 3, -t*h + x + 15 = 0. Calculate the remainder when 25 is divided by h.
7
Let y be (-2)/5 + 17/5. Suppose -5*m + i + 10 = 0, y*m - 11 = -2*i + 8. What is the remainder when (5/(-15))/((-1)/21) is divided by m?
1
Let f = 35 - 28. What is the remainder when 25 is divided by f?
4
Suppose 3*w = 5*p + 2, -4*p + 3*w = -w. Let n(y) = -45*y**3 - y**2 - y - 1. What is the remainder when n(p) is divided by 16?
12
Suppose 0*f - 10 = -5*f. Let h(z) = 3*z + 3*z - 1 + 0*z - z**f. Calculate the remainder when 7 is divided by h(5).
3
Suppose -u + 20 = 4*u. Suppose u*p + 0*p - 228 = 0. Calculate the remainder when p is divided by 20.
17
Let w be (454/(-4))/((-3)/(-12)). Let h be (-4)/(-10) - w/(-10). Let y = 76 + h. Calculate the remainder when y is divided by 11.
9
Suppose -12 + 5 = m. Let h = m + 10. What is the remainder when 10 is divided by h?
1
Let a(t) = 19*t**3 - 1. Suppose 0 = -3*j - 7 + 10. Calculate the remainder when a(j) is divided by 5.
3
Let z(a) = -2*a - 6. Calculate the remainder when 22 is divided by z(-7).
6
Let j(y) be the second derivative of 1/2*y**2 + 0 - 1/3*y**3 - 2*y. What is the remainder when 7 is divided by j(-2)?
2
What is the remainder when ((-26)/(-3))/(16/24) is divided by 3?
1
Let p(b) = b**3 - 9*b**2 - 11*b - 13. What is the remainder when p(11) is divided by 28?
24
Let f(n) = -n**2 + 7*n + 6. Let o(x) = -x**2 + x + 1. Let p be o(-1). Let i be 5/1 + (1 - p). What is the remainder when f(i) is divided by 4?
2
Let o = 15 - 10. Suppose 4*i + 0*f - 143 = f, o*i - 178 = 2*f. What is the remainder when i is divided by 13?
10
Let l = -8 + 11. Calculate the remainder when 17 is divided by l.
2
Let q be (18/(-21))/((-2)/14). Suppose -4*m = -2*i + q + 2, -5*i - 5*m = -65. What is the remainder when i is divided by (-1)/(-1) + 50/25?
1
Let p(c) = 2*c**2 + 4. Let h be p(0). Suppose -2*g = -m - 3, -h*g + 12 = 5*m - m. Calculate the remainder when m is divided by 1.
0
Suppose 8*j = 3*j. Suppose 2*s - s + 2*k = 9, -2*k = -4*s + 66. Calculate the remainder when 29/3*(j + 3) is divided by s.
14
Let z(q) = -q**3 - 6*q**2 - 5. Let m be z(-6). Let d = 9 + m. Suppose -2 + 0 = -j + 5*x, 5*j - 30 = 5*x. What is the remainder when j is divided by d?
3
Suppose 5*m - 122 = 183. Calculate the remainder when m is divided by (2 - 4) + 0 - (-1 + -17).
13
Suppose -3*a + 5*j + 10 = -0*j, 0 = -j + 4. What is the remainder when a is divided by 8?
2
Let t(i) = i**3 + 4*i**2 - 5*i + 1. Calculate the remainder when 74 is divided by t(-4).
11
Let z(n) be the first derivative of -3*n**2/2 - n - 4. Calculate the remainder when 57 is divided by z(-7).
17
Suppose 5*a - 124 = -2*b - 25, b = 4*a - 87. Suppose 5*s - 34 - a = 0. What is the remainder when 20 is divided by s?
9
Suppose -393 = -3*i + 3*t, 